thousands digit of 2591928?
9
What is the hundred thousands digit of 537729?
5
What is the millions digit of 2627319?
2
What is the hundred thousands digit of 1905311?
9
What is the tens digit of 111908?
0
What is the millions digit of 14268360?
4
What is the thousands digit of 261157?
1
What is the thousands digit of 3979322?
9
What is the thousands digit of 8210330?
0
What is the thousands digit of 1197544?
7
What is the thousands digit of 179540?
9
What is the tens digit of 443626?
2
What is the ten thousands digit of 59228?
5
What is the units digit of 4190128?
8
What is the ten thousands digit of 272615?
7
What is the tens digit of 807152?
5
What is the tens digit of 697993?
9
What is the ten thousands digit of 85151?
8
What is the hundreds digit of 14245412?
4
What is the hundred thousands digit of 173729?
1
What is the units digit of 149606?
6
What is the units digit of 290164?
4
What is the units digit of 78139?
9
What is the units digit of 4197197?
7
What is the hundreds digit of 4833752?
7
What is the hundred thousands digit of 885495?
8
What is the units digit of 6695984?
4
What is the thousands digit of 503631?
3
What is the thousands digit of 493989?
3
What is the units digit of 6147159?
9
What is the ten thousands digit of 720596?
2
What is the hundred thousands digit of 135917?
1
What is the tens digit of 1039939?
3
What is the thousands digit of 919977?
9
What is the thousands digit of 1198926?
8
What is the hundred thousands digit of 8611921?
6
What is the hundreds digit of 12373?
3
What is the ten thousands digit of 747036?
4
What is the thousands digit of 1452371?
2
What is the tens digit of 819869?
6
What is the units digit of 6040741?
1
What is the thousands digit of 2994218?
4
What is the tens digit of 3610898?
9
What is the units digit of 25597390?
0
What is the thousands digit of 560665?
0
What is the hundreds digit of 15702948?
9
What is the ten thousands digit of 4181381?
8
What is the thousands digit of 159398?
9
What is the tens digit of 18580094?
9
What is the ten thousands digit of 95424?
9
What is the thousands digit of 948658?
8
What is the ten thousands digit of 1300280?
0
What is the hundreds digit of 2078012?
0
What is the tens digit of 3260768?
6
What is the units digit of 170562?
2
What is the thousands digit of 201828?
1
What is the ten thousands digit of 211794?
1
What is the thousands digit of 93617?
3
What is the millions digit of 8276346?
8
What is the ten thousands digit of 35297737?
9
What is the tens digit of 9795790?
9
What is the ten thousands digit of 817325?
1
What is the units digit of 7572381?
1
What is the units digit of 567587?
7
What is the tens digit of 2009111?
1
What is the units digit of 25981?
1
What is the units digit of 1071613?
3
What is the tens digit of 905707?
0
What is the ten thousands digit of 687122?
8
What is the hundred thousands digit of 325183?
3
What is the units digit of 4629888?
8
What is the hundreds digit of 1397781?
7
What is the ten thousands digit of 5521195?
2
What is the hundred thousands digit of 13001110?
0
What is the tens digit of 864594?
9
What is the ten thousands digit of 1687283?
8
What is the thousands digit of 18681145?
1
What is the thousands digit of 152147?
2
What is the thousands digit of 36457?
6
What is the millions digit of 4691411?
4
What is the tens digit of 193961?
6
What is the thousands digit of 4337064?
7
What is the ten thousands digit of 211319?
1
What is the thousands digit of 750071?
0
What is the tens digit of 963238?
3
What is the hundred thousands digit of 198126?
1
What is the units digit of 1786546?
6
What is the tens digit of 3437484?
8
What is the hundred thousands digit of 189864?
1
What is the tens digit of 210789?
8
What is the ten thousands digit of 4672908?
7
What is the tens digit of 73596?
9
What is the ten thousands digit of 21113193?
1
What is the thousands digit of 654150?
4
What is the thousands digit of 2676344?
6
What is the thousands digit of 16851?
6
What is the units digit of 4644622?
2
What is the hundred thousands digit of 599481?
5
What is the tens digit of 6542753?
5
What is the units digit of 193475?
5
What is the millions digit of 4696933?
4
What is the tens digit of 522240?
4
What is the ten millions digit of 14213882?
1
What is the ten thousands digit of 1593255?
9
What is the ten thousands digit of 583855?
8
What is the hundreds digit of 56770?
7
What is the units digit of 4428626?
6
What is the ten thousands digit of 27856467?
5
What is the hundreds digit of 876406?
4
What is the hundred thousands digit of 569082?
5
What is the millions digit of 1318998?
1
What is the ten thousands digit of 6383269?
8
What is the tens digit of 393822?
2
What is the hundred thousands digit of 1032842?
0
What is the tens digit of 2174051?
5
What is the hundred thousands digit of 1443714?
4
What is the hundreds digit of 1087103?
1
What is the hundred thousands digit of 2985347?
9
What is the thousands digit of 195623?
5
What is the hundreds digit of 56833?
8
What is the ten thousands digit of 176531?
7
What is the tens digit of 29749264?
6
What is the hundred thousands digit of 3919380?
9
What is the thousands digit of 4084528?
4
What is the hundred thousands digit of 11703160?
7
What is the tens digit of 945667?
6
What is the hundreds digit of 18710638?
6
What is the hundred thousands digit of 4440836?
4
What is the units digit of 112844?
4
What is the millions digit of 3980000?
3
What is the thousands digit of 144652?
4
What is the thousands digit of 24423809?
3
What is the thousands digit of 282332?
2
What is the hundreds digit of 578836?
8
What is the ten thousands digit of 461445?
6
What is the thousands digit of 42571?
2
What is the hundred thousands digit of 208689?
2
What is the units digit of 9435865?
5
What is the hundreds digit of 106159?
1
What is the thousands digit of 1063395?
3
What is the units digit of 55647?
7
What is the hundred thousands digit of 981488?
9
What is the thousands digit of 22759939?
9
What is the hundreds digit of 389778?
7
What is the units digit of 1288689?
9
What is the hundreds digit of 7797565?
5
What is the hundred thousands digit of 349925?
3
What is the thousands digit of 274349?
4
What is the ten thousands digit of 9310313?
1
What is the ten millions digit of 15745509?
1
What is the thousands digit of 43257130?
7
What is the ten thousands digit of 239070?
3
What is the tens digit of 44326?
2
What is the ten thousands digit of 5621829?
2
What is the ten thousands digit of 357540?
5
What is the units digit of 1726094?
4
What is the ten thousands digit of 23965041?
6
What is the ten thousands digit of 1715509?
1
What is the ten thousands digit of 482965?
8
What is the thousands digit of 480035?
0
What is the thousands digit of 173193?
3
What is the units digit of 684584?
4
What is the units digit of 34458?
8
What is the units digit of 2588435?
5
What is the thousands digit of 1163762?
3
What is the hundred thousands digit of 1912965?
9
What is the tens digit of 14863601?
0
What is the millions digit of 7767529?
7
What is the hundreds digit of 78986?
9
What is the millions digit of 2177618?
2
What is the thousands digit of 4294359?
4
What is the ten thousands digit of 636826?
3
What is the ten thousands digit of 16010?
1
What is the millions digit of 2678110?
2
What is the millions digit of 21806900?
1
What is the thousands digit of 89748?
9
What is the millions digit of 5031964?
5
What is the millions digit of 4366534?
4
What is the ten millions digit of 30160008?
3
What is the millions digit of 1484701?
1
What is the tens digit of 4257786?
8
What is the hundred thousands digit of 478484?
4
What is the hundreds digit of 137397?
3
What is the ten millions digit of 14918970?
1
What is the ten thousands digit of 22171612?
7
What is the tens digit of 4199498?
9
What is the ten thousands digit of 5270443?
7
What is the hundreds digit of 7048607?
6
What is the millions digit of 16472036?
6
What is the ten thousands digit of 549482?
4
What is the units digit of 954999?
9
What is the hundreds digit of 583039?
0
What is the units digit of 637584?
4
What is the ten thousands digit of 3348412?
4
What is the tens digit of 511404?
0
What is the tens digit of 16335317?
1
What is the ten thous